{"id":72601,"date":"2019-04-08T08:50:49","date_gmt":"2017-12-13T10:20:49","guid":{"rendered":"https:\/\/simex.es\/producto\/non%20class\u00e9\/etagere-en-verre-bright\/"},"modified":"2024-08-07T17:21:07","modified_gmt":"2024-08-07T15:21:07","slug":"etagere-en-verre-bright","status":"publish","type":"product","link":"https:\/\/simex.es\/fr\/etagere-en-verre-bright\/","title":{"rendered":"\u00c9tag\u00e8re en verre &#8211; S\u00e9rie Bright"},"content":{"rendered":"<p><strong><span style=\"color: #ff6600;\">DESCRIPTION DU PRODUIT<\/span><\/strong><\/p>\n<ul>\n<li>\u00c9tag\u00e8re en verre.<\/li>\n<li><span style=\"color: #ff6600;\">Mat\u00e9riau :<\/span> Zinc.<\/li>\n<li><span style=\"color: #ff6600;\">Finition :<\/span> Brillante<\/li>\n<\/ul>\n<p><strong><span style=\"color: #ff6600;\">SP\u00c9CIFICATIONS DU PRODUIT<\/span><\/strong><\/p>\n<ul>\n<li><span style=\"color: #ff6600;\">\u00d8 Plaque :<\/span> 70 mm.<\/li>\n<li><span style=\"color: #ff6600;\">\u00c9paisseur de la plaque :<\/span> 1,5 mm.<\/li>\n<\/ul>\n<p><strong><span style=\"color: #ff6600;\">SP\u00c9CIFICATIONS TECHNIQUES<\/span><\/strong><\/p>\n<ul>\n<li><span style=\"color: #ff6600;\">Poids :<\/span> 1,2 kg<\/li>\n<li><span style=\"color: #ff6600;\">Dimensions :<\/span> 70 x 521 x 140 mm<\/li>\n<li><span style=\"color: #ff6600;\">Poids avec emballage :<\/span> 1,4 kg<\/li>\n<li><span style=\"color: #ff6600;\">Dimensions avec emballage :<\/span> 80 x 530 x 150 mm<\/li>\n<\/ul>\n<p><strong><span style=\"color: #ff6600;\">INSTALLATION DU PRODUIT<\/span><\/strong><\/p>\n<ul>\n<li>Mont\u00e9 au mur.<\/li>\n<li><span style=\"color: #ff6600;\">Fixation :<\/span> Avec vis et chevilles.<\/li>\n<li><span style=\"color: #ff6600;\">Accessoires inclus :<\/span> 4 vis, 4 chevilles et cl\u00e9 Allen.<\/li>\n<\/ul>\n","protected":false},"excerpt":{"rendered":"<ul>\n<li><span style=\"color: #ff5100;\">Mat\u00e9riel:<\/span> Zinc.<\/li>\n<li><span style=\"color: #ff5100;\">Finition:<\/span> Brillant.<\/li>\n<\/ul>\n<p><span class=\"ficha-tecnica\"><a title=\"\u00c9tag\u00e8re en verre Bright href=\" target=\"_blank\" rel=\"noopener\">Fiche technique<\/a><\/span><\/p>\n<p><span class=\"ficha-tecnica\"><a title=\"Percha doble\" href=\"https:\/\/simex.es\/wp-content\/uploads\/2021\/08\/05015-PLANO.pdf\" target=\"_blank\" rel=\"noopener noreferrer\">Donn\u00e9es techniques<\/a><\/span><\/p>\n","protected":false},"featured_media":325651,"template":"","meta":[],"product_brand":[],"product_cat":[441,896],"product_tag":[565],"class_list":{"0":"post-72601","1":"product","2":"type-product","3":"status-publish","4":"has-post-thumbnail","6":"product_cat-accessoires-salle-de-bains","7":"product_cat-bright-fr","8":"product_tag-relacionado-05132-fr","10":"first","11":"instock","12":"product-type-simple"},"_links":{"self":[{"href":"https:\/\/simex.es\/fr\/wp-json\/wp\/v2\/product\/72601","targetHints":{"allow":["GET"]}}],"collection":[{"href":"https:\/\/simex.es\/fr\/wp-json\/wp\/v2\/product"}],"about":[{"href":"https:\/\/simex.es\/fr\/wp-json\/wp\/v2\/types\/product"}],"wp:featuredmedia":[{"embeddable":true,"href":"https:\/\/simex.es\/fr\/wp-json\/wp\/v2\/media\/325651"}],"wp:attachment":[{"href":"https:\/\/simex.es\/fr\/wp-json\/wp\/v2\/media?parent=72601"}],"wp:term":[{"taxonomy":"product_brand","embeddable":true,"href":"https:\/\/simex.es\/fr\/wp-json\/wp\/v2\/product_brand?post=72601"},{"taxonomy":"product_cat","embeddable":true,"href":"https:\/\/simex.es\/fr\/wp-json\/wp\/v2\/product_cat?post=72601"},{"taxonomy":"product_tag","embeddable":true,"href":"https:\/\/simex.es\/fr\/wp-json\/wp\/v2\/product_tag?post=72601"}],"curies":[{"name":"wp","href":"https:\/\/api.w.org\/{rel}","templated":true}]}}

https://simex.es/producto/non%20classé/etagere-en-verre-bright/

Étagère en verre &#8211; Série Bright

<p><strong><span style="color: #ff6600;">DESCRIPTION DU PRODUIT</span></strong></p>
<ul>
<li>Étagère en verre.</li>
<li><span style="color: #ff6600;">Matériau :</span> Zinc.</li>
<li><span style="color: #ff6600;">Finition :</span> Brillante</li>
</ul>
<p><strong><span style="color: #ff6600;">SPÉCIFICATIONS DU PRODUIT</span></strong></p>
<ul>
<li><span style="color: #ff6600;">Ø Plaque :</span> 70 mm.</li>
<li><span style="color: #ff6600;">Épaisseur de la plaque :</span> 1,5 mm.</li>
</ul>
<p><strong><span style="color: #ff6600;">SPÉCIFICATIONS TECHNIQUES</span></strong></p>
<ul>
<li><span style="color: #ff6600;">Poids :</span> 1,2 kg</li>
<li><span style="color: #ff6600;">Dimensions :</span> 70 x 521 x 140 mm</li>
<li><span style="color: #ff6600;">Poids avec emballage :</span> 1,4 kg</li>
<li><span style="color: #ff6600;">Dimensions avec emballage :</span> 80 x 530 x 150 mm</li>
</ul>
<p><strong><span style="color: #ff6600;">INSTALLATION DU PRODUIT</span></strong></p>
<ul>
<li>Monté au mur.</li>
<li><span style="color: #ff6600;">Fixation :</span> Avec vis et chevilles.</li>
<li><span style="color: #ff6600;">Accessoires inclus :</span> 4 vis, 4 chevilles et clé Allen.</li>
</ul>

<ul>
<li><span style="color: #ff5100;">Matériel:</span> Zinc.</li>
<li><span style="color: #ff5100;">Finition:</span> Brillant.</li>
</ul>
<p><span class="ficha-tecnica"><a title="Étagère en verre Bright href=" target="_blank" rel="noopener">Fiche technique</a></span></p>
<p><span class="ficha-tecnica"><a title="Percha doble" href="https://simex.es/wp-content/uploads/2021/08/05015-PLANO.pdf" target="_blank" rel="noopener noreferrer">Données techniques</a></span></p>
